{"id":2662,"date":"2025-10-23T10:53:10","date_gmt":"2025-10-23T13:53:10","guid":{"rendered":"https:\/\/electroimpulso.com.ar\/catalogo\/?post_type=product&#038;p=2662"},"modified":"2025-10-23T10:53:42","modified_gmt":"2025-10-23T13:53:42","slug":"bateria-leoch-lps12-55-12v-55ah-agm-ciclo-profundo-solar","status":"publish","type":"product","link":"https:\/\/electroimpulso.com.ar\/catalogo\/producto\/bateria-leoch-lps12-55-12v-55ah-agm-ciclo-profundo-solar\/","title":{"rendered":"Bater\u00eda Leoch Lps12-55 12v 55ah Agm Ciclo Profundo Solar"},"content":{"rendered":"<p>Bater\u00eda de AGM de ciclo profundo, ideal para sistemas solares, UPS o sistemas de iluminaci\u00f3n de emergencia.<\/p>\n<p>Marca: Leoch<br \/>\nModelo: LPS12-55<br \/>\nTipo: AGM<br \/>\nCapacidad: 55Ah<br \/>\nTensi\u00f3n: 12v<br \/>\nMaterial de exterior: ABS<br \/>\nCapacidad C100: 57.5Ah<br \/>\nCapacidad C20: 52.5Ah<br \/>\nCapacidad C10: 50Ah<br \/>\nMedidas: 257x132x200<\/p>\n<p>Capacidad de descarga m\u00e1xima: 600A por 5s<br \/>\nPeso: 18.1Kg<\/p>\n<p>Temperatura de descarga: -15 a +50\u00b0C<br \/>\nTemperatura de carga: 0 a 40\u00b0C<br \/>\nTemperatura de almacenamiento: -15 a 40\u00b0C<br \/>\nResistencia interna: 8 m ohm<\/p>\n","protected":false},"excerpt":{"rendered":"<style>\n     .button {\n      background-color:blue;\n      border-color:red;\n      color:white;\n      }\n    <\/style>\n<p>\n<a class=\"button\" href=\"https:\/\/1drv.ms\/b\/c\/98fc53495582576b\/EdEHYECv8t9AlxDw-kkr0EoByKOxAPzYUXHVWZIDAFBDjw?e=Wm1eLW\" target=\"_blank\" rel=\"noopener\">informaci\u00f3n t\u00e9cnica<\/a><br \/>\n<br \/>\n<a class=\"button disabled\" href=\"\" target=\"_blank\" rel=\"noopener\">video<\/a><\/p>\n","protected":false},"featured_media":2663,"template":"","meta":[],"product_brand":[],"product_cat":[24],"product_tag":[39,303,304,32,35,284,302],"class_list":{"0":"post-2662","1":"product","2":"type-product","3":"status-publish","4":"has-post-thumbnail","6":"product_cat-baterias","7":"product_tag-12v","8":"product_tag-58ah","9":"product_tag-agm","10":"product_tag-bateria","11":"product_tag-electroimpulso","12":"product_tag-leoch","13":"product_tag-lps12-55","15":"first","16":"instock","17":"shipping-taxable","18":"purchasable","19":"product-type-simple"},"_links":{"self":[{"href":"https:\/\/electroimpulso.com.ar\/catalogo\/wp-json\/wp\/v2\/product\/2662","targetHints":{"allow":["GET"]}}],"collection":[{"href":"https:\/\/electroimpulso.com.ar\/catalogo\/wp-json\/wp\/v2\/product"}],"about":[{"href":"https:\/\/electroimpulso.com.ar\/catalogo\/wp-json\/wp\/v2\/types\/product"}],"wp:featuredmedia":[{"embeddable":true,"href":"https:\/\/electroimpulso.com.ar\/catalogo\/wp-json\/wp\/v2\/media\/2663"}],"wp:attachment":[{"href":"https:\/\/electroimpulso.com.ar\/catalogo\/wp-json\/wp\/v2\/media?parent=2662"}],"wp:term":[{"taxonomy":"product_brand","embeddable":true,"href":"https:\/\/electroimpulso.com.ar\/catalogo\/wp-json\/wp\/v2\/product_brand?post=2662"},{"taxonomy":"product_cat","embeddable":true,"href":"https:\/\/electroimpulso.com.ar\/catalogo\/wp-json\/wp\/v2\/product_cat?post=2662"},{"taxonomy":"product_tag","embeddable":true,"href":"https:\/\/electroimpulso.com.ar\/catalogo\/wp-json\/wp\/v2\/product_tag?post=2662"}],"curies":[{"name":"wp","href":"https:\/\/api.w.org\/{rel}","templated":true}]}}