{"id":1988,"date":"2024-06-19T13:44:32","date_gmt":"2024-06-19T16:44:32","guid":{"rendered":"https:\/\/electroimpulso.com.ar\/catalogo\/?post_type=product&#038;p=1988"},"modified":"2025-09-22T10:09:20","modified_gmt":"2025-09-22T13:09:20","slug":"spd420-60-protector-sobretension-unipolar-clase-t2-baw","status":"publish","type":"product","link":"https:\/\/electroimpulso.com.ar\/catalogo\/producto\/spd420-60-protector-sobretension-unipolar-clase-t2-baw\/","title":{"rendered":"Spd420\/60 Protector Sobretensi\u00f3n Unipolar. Clase T2. Baw"},"content":{"rendered":"<p>Dispositivo de protecci\u00f3n contra sobretensiones transitorias de<br \/>\nbaja tensi\u00f3n.<br \/>\nUnipolar.<br \/>\nClase T2.<br \/>\nUn= 380 400Vca.<br \/>\nUc: 420 Vca.<br \/>\nIs =30 KA (20 descargas 8\/20 micros)<br \/>\nIsmax: 60 KA. 1,5 m\u00f3dulos DIN por<br \/>\npolo (ancho total 108mm) Indicador \u00f3ptico de estado.<br \/>\nExtra\u00edble.<br \/>\nUp=2500V<\/p>\n<p>Electroimpulso energ\u00eda solar<br \/>\ndesde 2008 ofrecemos asesoramiento y materiales de calidad<\/p>\n<p>Ante cualquier duda cons\u00faltenos, respondemos lo antes posible.<br \/>\nOfrecemos servicio de confecci\u00f3n de planos, c\u00e1lculos e instalaciones.<\/p>\n<p>Estamos ubicados en la ciudad de c\u00f3rdoba.<\/p>\n<p>Env\u00edos, si no est\u00e1 disponible mercadoenv\u00edos se puede utilizar el servicio de andreani,<br \/>\npor favor proporcionar cantidad que desea comprar, c\u00f3digo postal y localidad para cotizar<br \/>\nen caso de que no se ofrezca env\u00edo gratuito.<\/p>\n<p>Da\u00f1os en los env\u00edos: Si puede ver que est\u00e1 da\u00f1ado no lo reciba, que el correo lo mande de regreso.<br \/>\nEn caso de recibirlo, disponemos de 48Hs h\u00e1biles para reclamar el seguro y poder enviar otra unidad.<br \/>\npor favor proporcionar fotos de la mercader\u00eda y el embalaje.<\/p>\n<p>Garant\u00eda:<br \/>\nDevolver el equipo con todo su embalaje original.<br \/>\nSe cubren defectos de f\u00e1brica,<br \/>\nsi un equipo es devuelto y tiene un conector suelto<br \/>\nsi tiene una soldadura mal<br \/>\nsi tiene un faltante dentro<\/p>\n<p>No cubre:<br \/>\nEquipos abiertos, intervenidos, sin el sello de garant\u00eda intacto.<br \/>\nEquipos con da\u00f1os visibles por descargas el\u00e9ctricas o conexiones err\u00f3nea.<br \/>\nEquipos ingreso de agua o insectos dentro.<br \/>\nGastos de transporte devoluci\u00f3n \/ reenv\u00edo del equipo.<\/p>\n","protected":false},"excerpt":{"rendered":"<style>\n     .button {\n      background-color:blue;\n      border-color:red;\n      color:white;\n      }\n    <\/style>\n<p><a class=\"button\" href=\"https:\/\/electroimpulso.mercadoshops.com.ar\/MLA-1433619891-spd42060-protector-sobretension-unipolar-clase-t2-baw-_JM\" target=\"_blank\" rel=\"noopener\">Ver precio<\/a><br \/>\n<br \/>\n<a class=\"button\" href=\"https:\/\/1drv.ms\/b\/s!AmtXglVJU_yYg6ENspzJrvA4iLvbNg?e=X9yd3A\" target=\"_blank\" rel=\"noopener\">informaci\u00f3n t\u00e9cnica<\/a><br \/>\n<br \/>\n<a class=\"button\" href=\"\" target=\"_blank\" rel=\"noopener\">video<\/a><\/p>\n","protected":false},"featured_media":1989,"template":"","meta":[],"product_brand":[],"product_cat":[66,90,21],"product_tag":[],"class_list":{"0":"post-1988","1":"product","2":"type-product","3":"status-publish","4":"has-post-thumbnail","6":"product_cat-accesorios","7":"product_cat-protecciones-ca","8":"product_cat-protecciones","10":"first","11":"instock","12":"shipping-taxable","13":"product-type-simple"},"_links":{"self":[{"href":"https:\/\/electroimpulso.com.ar\/catalogo\/wp-json\/wp\/v2\/product\/1988","targetHints":{"allow":["GET"]}}],"collection":[{"href":"https:\/\/electroimpulso.com.ar\/catalogo\/wp-json\/wp\/v2\/product"}],"about":[{"href":"https:\/\/electroimpulso.com.ar\/catalogo\/wp-json\/wp\/v2\/types\/product"}],"wp:featuredmedia":[{"embeddable":true,"href":"https:\/\/electroimpulso.com.ar\/catalogo\/wp-json\/wp\/v2\/media\/1989"}],"wp:attachment":[{"href":"https:\/\/electroimpulso.com.ar\/catalogo\/wp-json\/wp\/v2\/media?parent=1988"}],"wp:term":[{"taxonomy":"product_brand","embeddable":true,"href":"https:\/\/electroimpulso.com.ar\/catalogo\/wp-json\/wp\/v2\/product_brand?post=1988"},{"taxonomy":"product_cat","embeddable":true,"href":"https:\/\/electroimpulso.com.ar\/catalogo\/wp-json\/wp\/v2\/product_cat?post=1988"},{"taxonomy":"product_tag","embeddable":true,"href":"https:\/\/electroimpulso.com.ar\/catalogo\/wp-json\/wp\/v2\/product_tag?post=1988"}],"curies":[{"name":"wp","href":"https:\/\/api.w.org\/{rel}","templated":true}]}}