{"id":1925,"date":"2024-02-21T16:59:34","date_gmt":"2024-02-21T19:59:34","guid":{"rendered":"https:\/\/electroimpulso.com.ar\/catalogo\/?post_type=product&#038;p=1925"},"modified":"2025-09-22T10:09:21","modified_gmt":"2025-09-22T13:09:21","slug":"llave-de-corte-de-bateria-1250a-48v","status":"publish","type":"product","link":"https:\/\/electroimpulso.com.ar\/catalogo\/producto\/llave-de-corte-de-bateria-1250a-48v\/","title":{"rendered":"Llave de corte de bater\u00eda 1250A 48V"},"content":{"rendered":"<p>llave para conectar y desconectar f\u00e1cilmente una bater\u00eda.<br \/>\nSoporta:<br \/>\n hasta 1250A para arranque durante 10 Seg.<br \/>\n 455A durante 10 minutos<br \/>\n 275A permanente<\/p>\n","protected":false},"excerpt":{"rendered":"<p>llave para conectar y desconectar f\u00e1cilmente una bater\u00eda. Soporta: hasta 1250A para arranque durante 10 Seg. 455A durante 10 minutos 275A permanente<\/p>\n","protected":false},"featured_media":1926,"template":"","meta":[],"product_brand":[],"product_cat":[66,21],"product_tag":[32,240,89,239],"class_list":{"0":"post-1925","1":"product","2":"type-product","3":"status-publish","4":"has-post-thumbnail","6":"product_cat-accesorios","7":"product_cat-protecciones","8":"product_tag-bateria","9":"product_tag-llave-de-corte-de-bateria","10":"product_tag-motorhome","11":"product_tag-switch","13":"first","14":"instock","15":"shipping-taxable","16":"purchasable","17":"product-type-simple"},"_links":{"self":[{"href":"https:\/\/electroimpulso.com.ar\/catalogo\/wp-json\/wp\/v2\/product\/1925","targetHints":{"allow":["GET"]}}],"collection":[{"href":"https:\/\/electroimpulso.com.ar\/catalogo\/wp-json\/wp\/v2\/product"}],"about":[{"href":"https:\/\/electroimpulso.com.ar\/catalogo\/wp-json\/wp\/v2\/types\/product"}],"wp:featuredmedia":[{"embeddable":true,"href":"https:\/\/electroimpulso.com.ar\/catalogo\/wp-json\/wp\/v2\/media\/1926"}],"wp:attachment":[{"href":"https:\/\/electroimpulso.com.ar\/catalogo\/wp-json\/wp\/v2\/media?parent=1925"}],"wp:term":[{"taxonomy":"product_brand","embeddable":true,"href":"https:\/\/electroimpulso.com.ar\/catalogo\/wp-json\/wp\/v2\/product_brand?post=1925"},{"taxonomy":"product_cat","embeddable":true,"href":"https:\/\/electroimpulso.com.ar\/catalogo\/wp-json\/wp\/v2\/product_cat?post=1925"},{"taxonomy":"product_tag","embeddable":true,"href":"https:\/\/electroimpulso.com.ar\/catalogo\/wp-json\/wp\/v2\/product_tag?post=1925"}],"curies":[{"name":"wp","href":"https:\/\/api.w.org\/{rel}","templated":true}]}}