{"id":1075,"date":"2022-05-06T12:12:05","date_gmt":"2022-05-06T15:12:05","guid":{"rendered":"https:\/\/electroimpulso.com.ar\/catalogo\/?post_type=product&#038;p=1075"},"modified":"2026-05-06T10:31:07","modified_gmt":"2026-05-06T13:31:07","slug":"bateria-gel-12v-200ah","status":"publish","type":"product","link":"https:\/\/electroimpulso.com.ar\/catalogo\/producto\/bateria-gel-12v-200ah\/","title":{"rendered":"Bateria Gel 12V 200Ah Ultracell esencial energia solar"},"content":{"rendered":"<p><a class=\"button\" href=\"https:\/\/1drv.ms\/u\/s!AmtXglVJU_yYgeAku9-8TyM7VjMn9A?e=7fAC9M\" target=\"_blank\" rel=\"noopener\">informaci\u00f3n t\u00e9cnica<\/a><\/p>\n<p>Bater\u00eda para usar en energ\u00eda solar, origen Inglaterra.<br \/>\nDeclara 2400 ciclos de duraci\u00f3n al 30% de descarga.<\/p>\n<p>Medidas: Largo 54,8cm<\/p>\n<p>Ancho: 26cm<\/p>\n<p>Alto 29cm<\/p>\n<p>63Kg<\/p>\n<style>\n     .button {\n      background-color:blue;\n      border-color:red;\n      color:white;\n      }\n    <\/style>\n<p>\n<a class=\"button\" href=\"https:\/\/1drv.ms\/f\/s!AmtXglVJU_yYgeAku9-8TyM7VjMn9A?e=vcJ3mV\" target=\"_blank\" rel=\"noopener\">informaci\u00f3n t\u00e9cnica<\/a><br \/>\n<br \/>\n<a class=\"button\" href=\"\" target=\"_blank\" rel=\"noopener\">video<\/a><\/p>\n","protected":false},"excerpt":{"rendered":"<p>informaci\u00f3n t\u00e9cnica Bater\u00eda para usar en energ\u00eda solar, origen Inglaterra. Declara 2400 ciclos de duraci\u00f3n al 30% de descarga. Medidas: Largo 54,8cm Ancho: 26cm Alto 29cm 63Kg informaci\u00f3n t\u00e9cnica video<\/p>\n","protected":false},"featured_media":1076,"template":"","meta":[],"product_brand":[],"product_cat":[24],"product_tag":[32,128,129,111],"class_list":{"0":"post-1075","1":"product","2":"type-product","3":"status-publish","4":"has-post-thumbnail","6":"product_cat-baterias","7":"product_tag-bateria","8":"product_tag-bateria-ciclo-profundo","9":"product_tag-bateria-de-gel","10":"product_tag-energia-solar","12":"first","13":"instock","14":"purchasable","15":"product-type-simple"},"_links":{"self":[{"href":"https:\/\/electroimpulso.com.ar\/catalogo\/wp-json\/wp\/v2\/product\/1075","targetHints":{"allow":["GET"]}}],"collection":[{"href":"https:\/\/electroimpulso.com.ar\/catalogo\/wp-json\/wp\/v2\/product"}],"about":[{"href":"https:\/\/electroimpulso.com.ar\/catalogo\/wp-json\/wp\/v2\/types\/product"}],"wp:featuredmedia":[{"embeddable":true,"href":"https:\/\/electroimpulso.com.ar\/catalogo\/wp-json\/wp\/v2\/media\/1076"}],"wp:attachment":[{"href":"https:\/\/electroimpulso.com.ar\/catalogo\/wp-json\/wp\/v2\/media?parent=1075"}],"wp:term":[{"taxonomy":"product_brand","embeddable":true,"href":"https:\/\/electroimpulso.com.ar\/catalogo\/wp-json\/wp\/v2\/product_brand?post=1075"},{"taxonomy":"product_cat","embeddable":true,"href":"https:\/\/electroimpulso.com.ar\/catalogo\/wp-json\/wp\/v2\/product_cat?post=1075"},{"taxonomy":"product_tag","embeddable":true,"href":"https:\/\/electroimpulso.com.ar\/catalogo\/wp-json\/wp\/v2\/product_tag?post=1075"}],"curies":[{"name":"wp","href":"https:\/\/api.w.org\/{rel}","templated":true}]}}