{"id":1033,"date":"2022-02-24T13:07:18","date_gmt":"2022-02-24T16:07:18","guid":{"rendered":"https:\/\/electroimpulso.com.ar\/catalogo\/?post_type=product&#038;p=1033"},"modified":"2025-09-22T10:09:31","modified_gmt":"2025-09-22T13:09:31","slug":"inversor-cargador-growatt-spf5000es-450voc-paralelizable","status":"publish","type":"product","link":"https:\/\/electroimpulso.com.ar\/catalogo\/producto\/inversor-cargador-growatt-spf5000es-450voc-paralelizable\/","title":{"rendered":"Inversor Cargador Growatt Spf5000ES 450Voc paralelizable"},"content":{"rendered":"<p>Inversor Growatt FV Off Grid con 1 regulador MPPT 5000VA (5000W) con amplio ranglo de voltaje de entrada (hasta 450VDC) con opci\u00f3n de colocar hasta 6 en paralelo y posibilidad de armar red trifasica .<\/p>\n<p>Puede funcionar sin bater\u00edas y permite tomar de la red y FV al mismo tiempo para alimentar cargas (funci\u00f3n SUB)<\/p>\n<p>Regulador solar<br \/>\n150-430V rango de tens\u00edon entrada MPPT<br \/>\n22A m\u00e1ximo de corriente entrada<br \/>\n6000W m\u00e1ximo de potencia<\/p>\n<style>\n     .button {\n      background-color:blue;\n      border-color:red;\n      color:white;\n      }\n    <\/style>\n<p><a class=\"button\" href=\"https:\/\/1drv.ms\/u\/s!AmtXglVJU_yYgewrBPPzRGKcNdT0xA?e=YjQYl1\" target=\"_blank\" rel=\"noopener\">informaci\u00f3n t\u00e9cnica<\/a><\/p>\n","protected":false},"excerpt":{"rendered":"<p>Inversor Growatt FV Off Grid con 1 regulador MPPT 5000VA (5000W) con amplio ranglo de voltaje de entrada (hasta 450VDC) con opci\u00f3n de colocar hasta 6 en paralelo y posibilidad de armar red trifasica . Puede funcionar sin bater\u00edas y permite tomar de la red y FV al mismo tiempo para alimentar cargas (funci\u00f3n SUB) [&hellip;]<\/p>\n","protected":false},"featured_media":1034,"template":"","meta":[],"product_brand":[],"product_cat":[19],"product_tag":[35,72,181,53,180,115],"class_list":{"0":"post-1033","1":"product","2":"type-product","3":"status-publish","4":"has-post-thumbnail","6":"product_cat-inversores-off-grid-precisan-bateria","7":"product_tag-electroimpulso","8":"product_tag-growatt","9":"product_tag-hoja-de-datos","10":"product_tag-inversor","11":"product_tag-pdf","12":"product_tag-spf5000es","14":"first","15":"instock","16":"shipping-taxable","17":"purchasable","18":"product-type-simple"},"_links":{"self":[{"href":"https:\/\/electroimpulso.com.ar\/catalogo\/wp-json\/wp\/v2\/product\/1033","targetHints":{"allow":["GET"]}}],"collection":[{"href":"https:\/\/electroimpulso.com.ar\/catalogo\/wp-json\/wp\/v2\/product"}],"about":[{"href":"https:\/\/electroimpulso.com.ar\/catalogo\/wp-json\/wp\/v2\/types\/product"}],"wp:featuredmedia":[{"embeddable":true,"href":"https:\/\/electroimpulso.com.ar\/catalogo\/wp-json\/wp\/v2\/media\/1034"}],"wp:attachment":[{"href":"https:\/\/electroimpulso.com.ar\/catalogo\/wp-json\/wp\/v2\/media?parent=1033"}],"wp:term":[{"taxonomy":"product_brand","embeddable":true,"href":"https:\/\/electroimpulso.com.ar\/catalogo\/wp-json\/wp\/v2\/product_brand?post=1033"},{"taxonomy":"product_cat","embeddable":true,"href":"https:\/\/electroimpulso.com.ar\/catalogo\/wp-json\/wp\/v2\/product_cat?post=1033"},{"taxonomy":"product_tag","embeddable":true,"href":"https:\/\/electroimpulso.com.ar\/catalogo\/wp-json\/wp\/v2\/product_tag?post=1033"}],"curies":[{"name":"wp","href":"https:\/\/api.w.org\/{rel}","templated":true}]}}