{"id":102,"date":"2021-01-02T17:50:25","date_gmt":"2021-01-02T20:50:25","guid":{"rendered":"https:\/\/electroimpulso.com.ar\/catalogo\/?post_type=product&#038;p=102"},"modified":"2023-01-19T15:33:31","modified_gmt":"2023-01-19T18:33:31","slug":"protector-onesto-contra-descargas-dc-2-polos-40ka-600vcc-by7-40-600","status":"publish","type":"product","link":"https:\/\/electroimpulso.com.ar\/catalogo\/producto\/protector-onesto-contra-descargas-dc-2-polos-40ka-600vcc-by7-40-600\/","title":{"rendered":"Protector Onesto Contra Descargas Dc 2 Polos 40ka 600vcc BY7-40-600"},"content":{"rendered":"<p>Protector para l\u00edneas de corriente cont\u00ednua, paneles solares, hasta 400Vdc. 40Ka.<\/p>\n<p>utilizaci\u00f3n, vea<\/p>\n<p>https:\/\/www.electroimpulso.com.ar\/index.php\/manuales\/download\/21-protecciones-dc-y-ac-para-fotovoltaica\/68-diagrama-proteccion-de-inversor-cargador<\/p>\n","protected":false},"excerpt":{"rendered":"<p>Protector para l\u00edneas de corriente cont\u00ednua, paneles solares, hasta 400Vdc. 40Ka. utilizaci\u00f3n, vea https:\/\/www.electroimpulso.com.ar\/index.php\/manuales\/download\/21-protecciones-dc-y-ac-para-fotovoltaica\/68-diagrama-proteccion-de-inversor-cargador<\/p>\n","protected":false},"featured_media":103,"template":"","meta":[],"product_brand":[],"product_cat":[21],"product_tag":[26,27,25],"class_list":{"0":"post-102","1":"product","2":"type-product","3":"status-publish","4":"has-post-thumbnail","6":"product_cat-protecciones","7":"product_tag-descargador","8":"product_tag-onesto","9":"product_tag-proteccion","11":"first","12":"instock","13":"shipping-taxable","14":"product-type-simple"},"_links":{"self":[{"href":"https:\/\/electroimpulso.com.ar\/catalogo\/wp-json\/wp\/v2\/product\/102","targetHints":{"allow":["GET"]}}],"collection":[{"href":"https:\/\/electroimpulso.com.ar\/catalogo\/wp-json\/wp\/v2\/product"}],"about":[{"href":"https:\/\/electroimpulso.com.ar\/catalogo\/wp-json\/wp\/v2\/types\/product"}],"wp:featuredmedia":[{"embeddable":true,"href":"https:\/\/electroimpulso.com.ar\/catalogo\/wp-json\/wp\/v2\/media\/103"}],"wp:attachment":[{"href":"https:\/\/electroimpulso.com.ar\/catalogo\/wp-json\/wp\/v2\/media?parent=102"}],"wp:term":[{"taxonomy":"product_brand","embeddable":true,"href":"https:\/\/electroimpulso.com.ar\/catalogo\/wp-json\/wp\/v2\/product_brand?post=102"},{"taxonomy":"product_cat","embeddable":true,"href":"https:\/\/electroimpulso.com.ar\/catalogo\/wp-json\/wp\/v2\/product_cat?post=102"},{"taxonomy":"product_tag","embeddable":true,"href":"https:\/\/electroimpulso.com.ar\/catalogo\/wp-json\/wp\/v2\/product_tag?post=102"}],"curies":[{"name":"wp","href":"https:\/\/api.w.org\/{rel}","templated":true}]}}