{"id":1018,"date":"2022-02-14T10:48:33","date_gmt":"2022-02-14T13:48:33","guid":{"rendered":"https:\/\/electroimpulso.com.ar\/catalogo\/?post_type=product&#038;p=1018"},"modified":"2025-09-22T10:09:31","modified_gmt":"2025-09-22T13:09:31","slug":"llave-termicadc-63a-550v-dc-max-2-polos-bipolar-sl7-63c63-suntree","status":"publish","type":"product","link":"https:\/\/electroimpulso.com.ar\/catalogo\/producto\/llave-termicadc-63a-550v-dc-max-2-polos-bipolar-sl7-63c63-suntree\/","title":{"rendered":"Llave termicaDC 63A 550V DC M?x. 2 Polos (Bipolar) SL7-63C63 Suntree"},"content":{"rendered":"<p>Disyuntor magnetot\u00e9rmico autom\u00e1tico DC 63A 550V DC M\u00e1x. 2 Polos (Bipolar) SL7-63C Suntree. Certificaciones TUV, IEC, CE y m\u00e1s. Ideal para uso en bater\u00edas y paneles solares.<\/p>\n","protected":false},"excerpt":{"rendered":"<p>Disyuntor magnetot\u00e9rmico autom\u00e1tico DC 63A 550V DC M\u00e1x. 2 Polos (Bipolar) SL7-63C Suntree. Certificaciones TUV, IEC, CE y m\u00e1s. Ideal para uso en bater\u00edas y paneles solares.<\/p>\n","protected":false},"featured_media":1019,"template":"","meta":[],"product_brand":[],"product_cat":[21],"product_tag":[108,110,35,31,109,107],"class_list":{"0":"post-1018","1":"product","2":"type-product","3":"status-publish","4":"has-post-thumbnail","6":"product_cat-protecciones","7":"product_tag-continua","8":"product_tag-dc","9":"product_tag-electroimpulso","10":"product_tag-solar","11":"product_tag-suntree","12":"product_tag-termica","14":"first","15":"instock","16":"product-type-simple"},"_links":{"self":[{"href":"https:\/\/electroimpulso.com.ar\/catalogo\/wp-json\/wp\/v2\/product\/1018","targetHints":{"allow":["GET"]}}],"collection":[{"href":"https:\/\/electroimpulso.com.ar\/catalogo\/wp-json\/wp\/v2\/product"}],"about":[{"href":"https:\/\/electroimpulso.com.ar\/catalogo\/wp-json\/wp\/v2\/types\/product"}],"wp:featuredmedia":[{"embeddable":true,"href":"https:\/\/electroimpulso.com.ar\/catalogo\/wp-json\/wp\/v2\/media\/1019"}],"wp:attachment":[{"href":"https:\/\/electroimpulso.com.ar\/catalogo\/wp-json\/wp\/v2\/media?parent=1018"}],"wp:term":[{"taxonomy":"product_brand","embeddable":true,"href":"https:\/\/electroimpulso.com.ar\/catalogo\/wp-json\/wp\/v2\/product_brand?post=1018"},{"taxonomy":"product_cat","embeddable":true,"href":"https:\/\/electroimpulso.com.ar\/catalogo\/wp-json\/wp\/v2\/product_cat?post=1018"},{"taxonomy":"product_tag","embeddable":true,"href":"https:\/\/electroimpulso.com.ar\/catalogo\/wp-json\/wp\/v2\/product_tag?post=1018"}],"curies":[{"name":"wp","href":"https:\/\/api.w.org\/{rel}","templated":true}]}}